base 9) to base 5
-331311
Convert 1388 (base 10) to base 7.
4022
Convert dc4 (base 15) to base 13.
1552
-102211112 (base 3) to base 5
-234002
-21cd (base 14) to base 11
-4452
What is -290 (base 11) in base 5?
-2331
Convert 2112221 (base 3) to base 13.
b02
4260b (base 12) to base 8
252353
ccf (base 16) to base 7
12363
What is -6205 (base 10) in base 13?
-2a94
What is -2210 (base 3) in base 13?
-5a
1011201101 (base 3) to base 2
101101001010010
-122112002 (base 3) to base 2
-11000111100101
What is 370 (base 13) in base 2?
1001010110
-10101022 (base 4) to base 16
-444a
2026 (base 11) to base 16
a82
-163 (base 14) to base 7
-553
What is -1a7d (base 16) in base 7?
-25525
What is -326 (base 9) in base 8?
-413
Convert 3121 (base 5) to base 2.
110011011
Convert 13073 (base 8) to base 2.
1011000111011
-312211 (base 5) to base 12
-5b6a
Convert 24675 (base 8) to base 6.
121245
What is -32040 (base 7) in base 2?
-1111011101101
What is -1102233 (base 4) in base 14?
-1d03
-373 (base 12) to base 7
-1341
102203 (base 4) to base 13
704
What is 1da (base 14) in base 3?
112101
What is 10001110100100 (base 2) in base 9?
13457
Convert 20332 (base 5) to base 11.
1010
What is 2320 (base 4) in base 14?
d2
Convert 110200021 (base 3) to base 7.
35641
What is 4d1b (base 16) in base 9?
30062
-ca3 (base 14) to base 6
-15315
-42c9 (base 13) to base 7
-36042
What is -127 (base 8) in base 5?
-322
Convert 2394 (base 16) to base 6.
110100
-2345 (base 9) to base 15
-7b2
What is -299 (base 10) in base 6?
-1215
2d93 (base 14) to base 8
17745
Convert 12 (base 7) to base 14.
9
What is -1e92 (base 16) in base 7?
-31550
13564 (base 9) to base 13
4267
What is -543 (base 12) in base 3?
-1001120
Convert -3435 (base 12) to base 14.
-2185
What is 1510 (base 8) in base 10?
840
What is 6306 (base 9) in base 11?
3523
What is 1035 (base 7) in base 5?
2434
64353 (base 7) to base 5
1002323
71b (base 16) to base 2
11100011011
-4025 (base 6) to base 7
-2366
a4 (base 13) to base 5
1014
753 (base 8) to base 15
22b
What is -2100221110 (base 3) in base 16?
-b616
What is 8711 (base 11) in base 2?
10110011110011
242 (base 16) to base 3
210102
What is -111110100 (base 2) in base 16?
-1f4
Convert -abc9 (base 13) to base 6.
-303030
What is -19947 (base 11) in base 4?
-12301300
1441 (base 12) to base 11
184a
Convert -1313 (base 12) to base 15.
-9a0
What is -2040 (base 6) in base 7?
-1221
Convert -10111110011 (base 2) to base 9.
-2072
Convert 1927 (base 12) to base 3.
11012011
What is 2274 (base 15) in base 14?
2941
What is 101234 (base 5) in base 14?
12d1
1706 (base 8) to base 2
1111000110
-e0 (base 15) to base 10
-210
What is 2431 (base 7) in base 10?
904
What is 1543 (base 6) in base 7?
1143
-1a120 (base 11) to base 2
-110110110111110
What is -10001001110101 (base 2) in base 4?
-2021311
1409 (base 16) to base 8
12011
-3410 (base 8) to base 16
-708
Convert -430 (base 9) to base 10.
-351
What is 329 (base 10) in base 9?
405
Convert 386 (base 10) to base 7.
1061
What is -1230 (base 7) in base 12?
-326
-1c77 (base 14) to base 3
-21010122
What is -1b64 (base 12) in base 6?
-23404
What is -1125 (base 10) in base 13?
-687
Convert -45432 (base 7) to base 14.
-42c2
What is 135524 (base 6) in base 2?
11001010001100
What is -3674 (base 11) in base 9?
-6523
c96 (base 15) to base 4
230121
What is 147a2 (base 12) in base 2?
111000001101010
-1110000010011101 (base 2) to base 6
-1122113
-26152 (base 7) to base 8
-15442
What is -52215 (base 6) in base 5?
-210440
-32a23 (base 11) to base 4
-23223030
Convert -63013 (base 7) to base 3.
-210012001
What is -10100010001 (base 2) in base 14?
-689
What is -25240 (base 7) in base 11?
-4a9a
Convert -4a7a (base 12) to base 6.
-103034
What is -1575 (base 13) in base 9?
-4266
-4103 (base 5) to base 8
-1020
What is -55e (base 15) in base 2?
-10010111110
3135 (base 7) to base 6
5040
What is 1221022 (base 3) in base 5?
21122
What is a891 (base 11) in base 3?
201201112
-421 (base 6) to base 4
-2131
What is -48a (base 16) in base 9?
-1531
-a62 (base 11) to base 12
-8a6
What is 45184 (base 10) in base 12?
22194
Convert 117 (base 12) to base 2.
10100011
Convert -24637 (base 8) to base 6.
-121155
What is 147 (base 11) in base 10?
172
Convert 104160 (base 7) to base 6.
220330
Convert -2101 (base 12) to base 3.
-11221101
2705 (base 9) to base 3
2210012
-120110 (base 3) to base 2
-110100001
-26a7 (base 14) to base 5
-204221
Convert 111011111 (base 2) to base 13.
2ab
What is -21102 (base 6) in base 7?
-11204
-5a08 (base 14) to base 8
-36510
What is 4134043 (base 5) in base 8?
204667
Convert -2339 (base 14) to base 13.
-2a34
Convert -11000011001 (base 2) to base 10.
-1561
What is -26300 (base 11) in base 9?
-56552
What is 24312 (base 6) in base 12?
2098
What is 1100101001 (base 2) in base 12?
575
Convert -1703 (base 10) to base 14.
-899
What is 33143 (base 5) in base 12?
13b6
-1460 (base 8) to base 5
-11231
Convert 2051 (base 8) to base 5.
13230
What is 163 (base 11) in base 13?
118
125620 (base 8) to base 2
1010101110010000
What is -4681 (base 9) in base 2?
-110110010011
What is -131031 (base 6) in base 15?
-37d4
1010000 (base 2) to base 7
143
411 (base 8) to base 12
1a1
-40124 (base 6) to base 3
-21011221
300 (base 11) to base 7
1026
What is -142310 (base 6) in base 15?
-4006
What is -b74 (base 13) in base 12?
-116a
Convert 2b83 (base 12) to base 13.
2454
48347 (base 9) to base 12
1688a
Convert -17c3 (base 16) to base 7.
-23510
-8bb8 (base 14) to base 13
-b07c
-3611 (base 12) to base 16
-17ad
What is -22121 (base 3) in base 4?
-3220
What is 2131 (base 9) in base 12?
aa7
-238 (base 9) to base 16
-c5
What is 202100 (base 3) in base 11?
45a
3324 (base 5) to base 13
299
What is -3060 (base 11) in base 8?
-7733
What is 300030 (base 4) in base 10?
3084
What is -211210221 (base 3) in base 13?
-7753
What is 855 (base 16) in base 7?
6135
Convert 765 (base 8) to base 13.
2c7
What is -620 (base 10) in base 7?
-1544
What is -1001010100000000 (base 2) in base 16?
-9500
56150 (base 8) to base 16
5c68
Convert 236 (base 8) to base 5.
1113
Convert -2639 (base 11) to base 3.
-11201001
What is -1136 (base 11) in base 12?
-a43
Convert -113322 (base 8) to base 4.
-21123102
-2217 (base 12) to base 14
-152b
What is -11654 (base 10) in base 9?
-16878
Convert 262 (base 16) to base 6.
2454
What is 8cb (base 16) in base 6?
14231
2131 (base 5) to base 14
16b
Convert 624 (base 10) to base 6.
2520
Convert -54423 (base 9) to base 15.
-aa46
What is -10425 (base 6) in base 11?
-1105
101010111101110 (base 2) to base 15
67b8
What is 13100 (base 5) in base 7?
2663
Convert b1b (base 14) to base 2.
100010000101
What is 11040 (base 5) in base 16?
302
What is -5217 (base 9) in base 14?
-1571
Convert -24311 (base 10) to base 5.
-1234221
-117463 (base 8) to base 13
-15720
-26800 (base 9) to base 11
-126a5
What is -1010000010011100 (base 2) in base 13?
-1593a
What is 252151 (base 6) in base 3?
1010220111
What is 12020212 (base 3) in base 6?
25422
22343 (base 5) to base 11
1223
Convert fdc0 (base 16) to base 15.
143aa
Convert 526 (base 8) to base 11.
291
What is -42420 (base 5) in base 6?
-21124
What is 18850 (base 9) in base 15?
3d26
-3165 (base 7) to base 4
-101211
What is 8bd (base 15) in base 5?
30403
What is 184aa (base 11) in base 9?
38460
What is -4b9 (base 15) in base 9?
-1423
Convert 3aa (base 16) to base 5.
12223
What is -200311 (base 4) in base 7?
-6061
-663 (base 10) to base 4
-22113
-26a6 (base 13) to base 6
-41400
Convert 12113 (base 4) to base 6.
1515
What is 1112211111 (base 3) in base 15?
9081
-119 (base 15) to base 7
-504
What is 44f (base 16) in base 15?
4d8
Convert 5453 (base 12) to base 3.
110201200
1095 (base 10) to base 12
773
Convert 100100101110100 (base 2) to base 10.
18804
What is 2a5c (base 15) in base 14?
3451
What is -5abe (base 15) in base 16?
-4b68
What is 1411 (base 5) in base 8?
347
What is 6358 (base 15) in base 13?
9740
What is 380 (base 10) in base 16?
17c
-198 (base 12) to base 13
-170
Convert 594 (base 11) to base 8.
1304
What is a802 (base 11) in base 12?
8320
10122020 (base 4) to base 12
a548
Convert 302 (base 11) to base 16.
16d
Convert -138b1 (base 12) to base 9.
-41277
What is -3211 (base 5) in base 15?
-1db
What is 6607 (base 13) in base 12?
8277
What is -15151 (base 7) in base 14?
-1761
-